{"id":16,"date":"2017-02-23T15:21:17","date_gmt":"2017-02-23T15:21:17","guid":{"rendered":"http:\/\/markushof-beta.de\/?page_id=16"},"modified":"2025-12-31T08:13:46","modified_gmt":"2025-12-31T08:13:46","slug":"dining","status":"publish","type":"page","link":"https:\/\/hotel-markushof.de\/?page_id=16","title":{"rendered":"RESTAURANT"},"content":{"rendered":"<p><section   class=\"fw-main-row-custom fw-main-row-top fw-section-no-padding  fw_theme_bg_fw-custom fw-section-image fw-section-height-custom  fw-mobile-hide-element fw-section-position-back tf-sh-0427b7c6c59618cbd33a2e564bb5cafc\"  style=\" background-image:url(\/\/hotel-markushof.de\/wp-content\/uploads\/2018\/09\/MHOF_header-restaurant_1-2.jpg); background-repeat: no-repeat; background-position: center top; background-size: cover; height: 560px;\"  >\n\t\t\t<div class=\"fw-container-fluid\" >\n\t\t<div class=\"fw-row\">\n\t<div id=\"column-69f53fdb984bd\" class=\"fw-col-sm-12 tf-sh-18b8432e0468f1415a3ae419b7822d33  fw-animated-element fw-col-no-padding\" data-animation-type=\"fadeInUp\" data-animation-delay=\"300\">\n\t<div class=\"fw-wrap-col-inner clearfix  \"   >\n\t\t\t\t<div class=\"fw-col-inner\">\n\t\t\t<div class=\"fw-heading fw-heading-center  fw-heading-with-subtitle tf-sh-277ab0ddd26e64a702509b6a58d9f9c2\" >\n\t\t\t<h1 class=\"fw-special-title\">Nehmen Sie Platz<\/h1>\n\t\n\t\n\t\t\t<div class=\"fw-special-subtitle\">und geniessen Sie unser kulinarisches Angebot<\/div>\n\t<\/div>\t\t<\/div>\n\t<\/div>\n<\/div><\/div>\n\n\t<\/div>\n\t<\/section><section   class=\"fw-main-row-custom fw-section-no-padding  fw_theme_bg_fw-custom fw-section-image fw-section-height-custom  fw-desktop-hide-element fw-tablet-landscape-hide-element fw-tablet-hide-element fw-section-position-back tf-sh-ed90acce44291b1a776c887ab5427a4a\"  style=\" background-image:url(\/\/hotel-markushof.de\/wp-content\/uploads\/2018\/09\/MHOF_header-restaurant_1-2.jpg); background-repeat: no-repeat; background-position: center top; background-size: cover; height: 560px;\"  >\n\t\t\t<div class=\"fw-container\" >\n\t\t<div class=\"fw-row\">\n\t<div id=\"column-69f53fdb9896b\" class=\"fw-col-sm-12 tf-sh-f5cf5c636a5de91bca576d5f981c8483  fw-animated-element fw-col-no-padding\" data-animation-type=\"fadeInUp\" data-animation-delay=\"300\">\n\t<div class=\"fw-wrap-col-inner clearfix  \"   >\n\t\t\t\t<div class=\"fw-col-inner\">\n\t\t\t<div class=\"fw-heading fw-heading-center  fw-heading-with-subtitle tf-sh-2e2e829ee4264e5ea24ec7ceae36a13e\" >\n\t\t\t<h1 class=\"fw-special-title\">Nehmen Sie Platz<\/h1>\n\t\n\t\n\t\t\t<div class=\"fw-special-subtitle\">und geniessen Sie unser kulinarisches Angebot<\/div>\n\t<\/div>\t\t<\/div>\n\t<\/div>\n<\/div><\/div>\n\n\t<\/div>\n\t<\/section><section   class=\"fw-main-row-custom fw-section-no-padding  auto  fw-section-position-back tf-sh-2a24729400113cf7c2ac056d488aacd5\"    >\n\t\t\t<div class=\"fw-container\" >\n\t\t<div class=\"fw-row\">\n\t<div id=\"column-69f53fdb98e3d\" class=\"fw-col-sm-12 tf-sh-3577f77f733188f01f6858a5183142de\" >\n\t<div class=\"fw-wrap-col-inner clearfix  \"   >\n\t\t\t\t<div class=\"fw-col-inner\">\n\t\t\t<div class=\"fw-divider-space  fw-custom-space  fw-mobile-hide-element clearfix\" style=\"height:140px;\" ><\/div>\t\t<\/div>\n\t<\/div>\n<\/div><\/div>\n\n<div class=\"fw-row\">\n\t<div id=\"column-69f53fdb9906b\" class=\"fw-tablet-hide-element  fw-col-sm-12 fw-mobile-hide-element tf-sh-2640582917a35ea2bf1157b4e533c650  fw-animated-element\" data-animation-type=\"fadeInUp\" data-animation-delay=\"300\">\n\t<div class=\"fw-wrap-col-inner clearfix  \"   >\n\t\t\t\t<div class=\"fw-col-inner\">\n\t\t\t<div class=\"fw-text-box tf-sh-78b4e860daee041c1597fa210a9e937b \" >\n\t<div class=\"fw-text-inner\">\n\t\t<p style=\"text-align: center;\">Lassen Sie sich von unserem K\u00fcchenchef Matthias Mannott und seinem Team durch frische Produkte und saisonale Spezialit\u00e4ten kulinarisch verw\u00f6hnen.<\/p>\n\t<\/div>\n<\/div>\t\t<\/div>\n\t<\/div>\n<\/div><\/div>\n\n<div class=\"fw-row\">\n\t<div id=\"column-69f53fdb9929d\" class=\"fw-col-sm-12 fw-desktop-hide-element fw-tablet-landscape-hide-element tf-sh-d3e32b928dd17883f7e2e1765ae738fb  fw-animated-element\" data-animation-type=\"fadeInUp\" data-animation-delay=\"300\">\n\t<div class=\"fw-wrap-col-inner clearfix  \"   >\n\t\t\t\t<div class=\"fw-col-inner\">\n\t\t\t<div class=\"fw-text-box tf-sh-3a3049f2f0d658892697d71dc7c27aad \" >\n\t<div class=\"fw-text-inner\">\n\t\t<p style=\"text-align: center;\">Lassen Sie sich von unserem K\u00fcchenchef Matthias Mannott und seinem Team durch frische Produkte und saisonale Spezialit\u00e4ten kulinarisch verw\u00f6hnen.<\/p>\n\t<\/div>\n<\/div>\t\t<\/div>\n\t<\/div>\n<\/div><\/div>\n\n<div class=\"fw-row\">\n\t<div id=\"column-69f53fdb99470\" class=\"fw-col-sm-12 tf-sh-7e4898b680939314dc22a9aae3e0f156\" >\n\t<div class=\"fw-wrap-col-inner clearfix  \"   >\n\t\t\t\t<div class=\"fw-col-inner\">\n\t\t\t<div class=\"fw-divider-space  fw-custom-space  fw-mobile-hide-element clearfix\" style=\"height:70px;\" ><\/div>\t\t<\/div>\n\t<\/div>\n<\/div><\/div>\n\n<div class=\"fw-row\">\n\t<div id=\"column-69f53fdb99606\" class=\"fw-col-sm-12 tf-sh-eb153ccb42cfcfbccbe3ed52bf12adeb\" >\n\t<div class=\"fw-wrap-col-inner clearfix  \"   >\n\t\t\t\t<div class=\"fw-col-inner\">\n\t\t\t<div class=\"fw-divider-space  fw-custom-space  fw-mobile-hide-element clearfix\" style=\"height:70px;\" ><\/div>\t\t<\/div>\n\t<\/div>\n<\/div><\/div>\n\n\t<\/div>\n\t<\/section><section   class=\"fw-main-row-custom fw-section-no-padding  auto  fw-section-position-back tf-sh-ab92656868cc9c71ef09e446399b9638\"  style=\" background-color:#e8e8e8;\"  >\n\t\t\t<div class=\"fw-container-fluid\" >\n\t\t<div class=\"fw-row\">\n\t<div id=\"column-69f53fdb99a9d\" class=\"fw-col-sm-12 fw-col-md-6 tf-sh-d998146fd8390b2ca885f1281f8c6e82  fw-col-no-padding\" >\n\t<div class=\"fw-wrap-col-inner clearfix   fw-column-height-custom\" style=\"height: 853px;\"  >\n\t\t\t\t<div class=\"fw-col-inner\">\n\t\t\t\t\t<\/div>\n\t<\/div>\n<\/div><div id=\"column-69f53fdb99ba1\" class=\"fw-col-sm-12 fw-col-md-6 tf-sh-a63f715448fab47ecece44d1ebb4e6ff\" >\n\t<div class=\"fw-wrap-col-inner clearfix  \"   >\n\t\t\t\t<div class=\"fw-col-inner\">\n\t\t\t<div class=\"fw-heading fw-heading-left  fw-animated-element tf-sh-f0b4244f9a6976183e63cdb9e550e44b\"  data-animation-type=\"fadeInUp\" data-animation-delay=\"300\">\n\t\t\t<h2 class=\"fw-special-title\">Restaurant<\/h2>\n\t\n\t\n\t<\/div><div class=\"fw-divider-space  fw-custom-space  clearfix\" style=\"height:20px;\" ><\/div><div class=\"fw-text-box tf-sh-a69564321ae0f14d917305a7366a0191  fw-animated-element\"  data-animation-type=\"fadeInUp\" data-animation-delay=\"500\">\n\t<div class=\"fw-text-inner\">\n\t\t<p class=\"main\">Sei es bei einem Feinschmeckermenue mit f\u00fcnf G\u00e4ngen, Fischspezialit\u00e4ten und Wild aus heimischer Jagd \u2013 oder einem z\u00fcnftigen Markgr\u00e4fler Sch\u00e4ufele im Brotteig.<\/p>\n<p class=\"main\">Gerne servieren wir unseren Hausg\u00e4sten unser Halbpensions-Menue mit vier G\u00e4ngen und nehmen dabei gerne auf di\u00e4tische W\u00fcnsche oder Unvertr\u00e4glichkeiten R\u00fccksicht. Selbstverst\u00e4ndlich k\u00f6nnen Sie auch jederzeit \u00e0 la carte speisen.<\/p>\n<p class=\"main\">Unbedingt probieren: Unsere hausgemachte <br \/>Schwarzw\u00e4lder Kirschtorte!<\/p>\n\t<\/div>\n<\/div><div class=\"fw-divider-space  fw-custom-space  clearfix\" style=\"height:30px;\" ><\/div>\t<a href=\"https:\/\/hotel-markushof.de\/wp-content\/uploads\/2025\/07\/2025-07_MARKUSHOF_Abendkarte-Juli-2025.pdf\" target=\"_blank\" class=\"fw-btn tf-sh-98758539799cfe9c0e48c6935cdf853a  fw-btn-md  fw-btn-side-by-side fw-animated-element fw-btn-4\"  data-animation-type=\"fadeInUp\" data-animation-delay=\"700\" style=\"\">\n\t\t<span >\n\t\t\t<strong>ABENDKARTE<\/strong><i class=\"pull-right-icon fa fa-angle-right\" style=\"font-size:22px;\"><\/i>\t\t<\/span>\n\t<\/a>\n<div class=\"fw-divider-space  fw-custom-space  clearfix\" style=\"height:2px;\" ><\/div>\t<a href=\"https:\/\/hotel-markushof.de\/wp-content\/uploads\/2022\/05\/2022_MARKUSHOF_Weinkarte-web.pdf\" target=\"_blank\" class=\"fw-btn tf-sh-69f759236f87a18c8c796c414b418fc0  fw-btn-md  fw-btn-side-by-side fw-animated-element fw-btn-4\"  data-animation-type=\"fadeInUp\" data-animation-delay=\"700\" style=\"\">\n\t\t<span >\n\t\t\t<strong>WEINKARTE<\/strong><i class=\"pull-right-icon fa fa-angle-right\" style=\"font-size:22px;\"><\/i>\t\t<\/span>\n\t<\/a>\n\t\t<\/div>\n\t<\/div>\n<\/div><\/div>\n\n\t<\/div>\n\t<\/section><section   class=\"fw-main-row-custom fw-section-no-padding  auto  fw-tablet-hide-element fw-mobile-hide-element fw-section-position-back tf-sh-39124043abdc0a9bc6379ad192643247\"  style=\" background-color:#ffffff;\"  >\n\t\t\t<div class=\"fw-container-fluid\" >\n\t\t<div class=\"fw-row\">\n\t<div id=\"column-69f53fdb9a469\" class=\"fw-col-sm-12 fw-col-md-6 tf-sh-9e07398944d4e86626b3625c585fdd0c\" >\n\t<div class=\"fw-wrap-col-inner clearfix  \"   >\n\t\t\t\t<div class=\"fw-col-inner\">\n\t\t\t<div class=\"fw-divider-space  fw-custom-space  clearfix\" style=\"height:35px;\" ><\/div><div class=\"fw-heading fw-heading-right  fw-animated-element tf-sh-1fc68ace0babe18fa5747f18df389481\"  data-animation-type=\"fadeInUp\" data-animation-delay=\"300\">\n\t\t\t<h2 class=\"fw-special-title\">Fr\u00fchst\u00fcck<\/h2>\n\t\n\t\n\t<\/div><div class=\"fw-divider-space  fw-custom-space  clearfix\" style=\"height:20px;\" ><\/div><div class=\"fw-text-box tf-sh-6ea27435905c19232cc30771d8e92b77  fw-animated-element\"  data-animation-type=\"fadeInUp\" data-animation-delay=\"500\">\n\t<div class=\"fw-text-inner\">\n\t\t<p style=\"text-align: right;\">Bei uns beginnt der Tag mit einem <br \/>ausgewogenen und reichhaltigen Fr\u00fchst\u00fcckbuffet, <br \/>das keine W\u00fcnsche offen l\u00e4sst.\u00a0<\/p>\n\t<\/div>\n<\/div><div class=\"fw-divider-space  fw-custom-space  clearfix\" style=\"height:30px;\" ><\/div>\t\t<\/div>\n\t<\/div>\n<\/div><div id=\"column-69f53fdb9a7d2\" class=\"fw-col-sm-12 fw-col-md-6 tf-sh-33b0f29965edefbeb12fd2e4d694cba9  fw-col-no-padding\" >\n\t<div class=\"fw-wrap-col-inner clearfix   fw-column-height-custom\" style=\"height: 853px;\"  >\n\t\t\t\t<div class=\"fw-col-inner\">\n\t\t\t\t\t<\/div>\n\t<\/div>\n<\/div><\/div>\n\n\t<\/div>\n\t<\/section><section   class=\"fw-main-row-custom fw-section-no-padding  auto  fw-desktop-hide-element fw-tablet-landscape-hide-element fw-section-position-back tf-sh-5251f51e62ebc74411d85cae166d05e4\"  style=\" background-color:#ffffff;\"  >\n\t\t\t<div class=\"fw-container-fluid\" >\n\t\t<div class=\"fw-row\">\n\t<div id=\"column-69f53fdb9ab77\" class=\"fw-col-sm-12 fw-col-md-6 tf-sh-d7f76f7946ed714493d4494c84f90e75  fw-col-no-padding\" >\n\t<div class=\"fw-wrap-col-inner clearfix   fw-column-height-custom\" style=\"height: 853px;\"  >\n\t\t\t\t<div class=\"fw-col-inner\">\n\t\t\t\t\t<\/div>\n\t<\/div>\n<\/div><div id=\"column-69f53fdb9ac6c\" class=\"fw-col-sm-12 fw-col-md-6 tf-sh-ffe18cce660c42c36382f1ef128afd69\" >\n\t<div class=\"fw-wrap-col-inner clearfix  \"   >\n\t\t\t\t<div class=\"fw-col-inner\">\n\t\t\t<div class=\"fw-divider-space  fw-custom-space  clearfix\" style=\"height:35px;\" ><\/div><div class=\"fw-heading fw-heading-left  fw-animated-element tf-sh-2c1c05b33b188d3d98d59611718437b2\"  data-animation-type=\"fadeInUp\" data-animation-delay=\"300\">\n\t\t\t<h2 class=\"fw-special-title\">Fr\u00fchst\u00fcck<\/h2>\n\t\n\t\n\t<\/div><div class=\"fw-divider-space  fw-custom-space  clearfix\" style=\"height:20px;\" ><\/div><div class=\"fw-text-box tf-sh-303614d427cc23388f7bc6446f4850d8  fw-animated-element\"  data-animation-type=\"fadeInUp\" data-animation-delay=\"500\">\n\t<div class=\"fw-text-inner\">\n\t\t<p>Bei uns beginnt der Tag mit einem ausgewogenen und reichhaltigen Fr\u00fchst\u00fcckbuffet, das keine W\u00fcnsche offen l\u00e4sst.\u00a0<\/p>\n\t<\/div>\n<\/div><div class=\"fw-divider-space  fw-custom-space  clearfix\" style=\"height:30px;\" ><\/div>\t\t<\/div>\n\t<\/div>\n<\/div><\/div>\n\n\t<\/div>\n\t<\/section><section   class=\"fw-main-row-custom fw-section-no-padding  auto  fw-section-position-back tf-sh-3a5dc9e43ef54a2bf082aa50e86f6d91\"  style=\" background-color:#e8e8e8;\"  >\n\t\t\t<div class=\"fw-container-fluid\" >\n\t\t<div class=\"fw-row\">\n\t<div id=\"column-69f53fdb9b249\" class=\"fw-col-sm-12 fw-col-md-6 tf-sh-c7b1569a8c7a2d8c88432674633ed76a  fw-col-no-padding\" >\n\t<div class=\"fw-wrap-col-inner clearfix   fw-column-height-custom\" style=\"height: 853px;\"  >\n\t\t\t\t<div class=\"fw-col-inner\">\n\t\t\t\t\t<\/div>\n\t<\/div>\n<\/div><div id=\"column-69f53fdb9b33c\" class=\"fw-col-sm-12 fw-col-md-6 tf-sh-9c8e185869fb791d9957d08fff923674\" >\n\t<div class=\"fw-wrap-col-inner clearfix  \"   >\n\t\t\t\t<div class=\"fw-col-inner\">\n\t\t\t<div class=\"fw-heading fw-heading-left  fw-animated-element tf-sh-64c830c9b37f3d5eff88cee073bc1f99\"  data-animation-type=\"fadeInUp\" data-animation-delay=\"300\">\n\t\t\t<h2 class=\"fw-special-title\">Veranstaltungen<\/h2>\n\t\n\t\n\t<\/div><div class=\"fw-divider-space  fw-custom-space  clearfix\" style=\"height:20px;\" ><\/div><div class=\"fw-text-box tf-sh-5067c8e44b6a4555f9ea4cf5e186feeb  fw-animated-element\"  data-animation-type=\"fadeInUp\" data-animation-delay=\"500\">\n\t<div class=\"fw-text-inner\">\n\t\t<p class=\"main\">Sie k\u00f6nnen Feste feiern oder feste Feiern \u2013 wir liefern den passenden Rahmen dazu! Einen wundersch\u00f6nen Hochzeitsabend verleben? Die Taufe von Maximilian im kleinen Familienkreis? Gro\u00dfmama's 85ter mit Caf\u00e9 und hausgemachten Kuchen auf der Terrasse? Ihre Frau zum Valentinstag mit einem erlesenen Schlemmermenu \u00fcberraschen? Einen festlichen Jahresabschluss der Firma, eine Geburtstagsfeier mit Freunden oder Business-Lunch mit der Abteilung?<\/p>\n<p class=\"main\">Wir freuen uns auf Sie \u2212 gerne verw\u00f6hnen wir Sie kulinarisch und liefern ein stimmungsvolles Ambiente in unseren drei Veranstaltungsr\u00e4umen. F\u00fcr 2 oder f\u00fcr 95 Personen.\u00a0Wir beraten Sie gerne individuell \u2212 sprechen Sie uns einfach an!<\/p>\n\t<\/div>\n<\/div><div class=\"fw-divider-space  fw-custom-space  clearfix\" style=\"height:30px;\" ><\/div>\t<a href=\"https:\/\/hotel-markushof.de\/wp-content\/uploads\/2024\/01\/2024-01_MARKUSHOF_Menuevorschlaege-web.pdf\" target=\"_self\" class=\"fw-btn tf-sh-f12b3a84c174e874e7a725a1288513d3  fw-btn-md  fw-btn-side-by-side fw-animated-element fw-btn-4\"  data-animation-type=\"fadeInUp\" data-animation-delay=\"700\" style=\"\">\n\t\t<span >\n\t\t\t<strong>MENUVORSCHL\u00c4GE<\/strong><i class=\"pull-right-icon fa fa-angle-right\" style=\"font-size:22px;\"><\/i>\t\t<\/span>\n\t<\/a>\n\t\t<\/div>\n\t<\/div>\n<\/div><\/div>\n\n\t<\/div>\n\t<\/section><section   class=\"fw-main-row-custom fw-section-no-padding  auto  fw-section-position-back tf-sh-bde7d7c1833725fdedc021655e49b0ac\"    >\n\t\t\t<div class=\"fw-container\" >\n\t\t<div class=\"fw-row\">\n\t<div id=\"column-69f53fdb9b9d8\" class=\"fw-col-sm-12 fw-mobile-hide-element tf-sh-aab9034ef30c8cf6d31582b787c18604\" >\n\t<div class=\"fw-wrap-col-inner clearfix  \"   >\n\t\t\t\t<div class=\"fw-col-inner\">\n\t\t\t<div class=\"fw-divider-space  fw-custom-space  clearfix\" style=\"height:170px;\" ><\/div>\t\t<\/div>\n\t<\/div>\n<\/div><\/div>\n\n<div class=\"fw-row\">\n\t<div id=\"column-69f53fdb9bbc0\" class=\"fw-col-sm-12 fw-col-md-4 tf-sh-684ba916b0b447624db260dd22ad3184  fw-animated-element\" data-animation-type=\"fadeInUp\" data-animation-delay=\"300\">\n\t<div class=\"fw-wrap-col-inner clearfix  \"   >\n\t\t\t\t<div class=\"fw-col-inner\">\n\t\t\t<div class=\"fw-heading fw-heading-left  tf-sh-47945d878c363dda19b26859c480ab40\" >\n\t\t\t<h3 class=\"fw-special-title\">Saisonale<br> Spezialit\u00e4ten<\/h3>\n\t\n\t\n\t<\/div><div class=\"fw-divider-space  fw-custom-space  clearfix\" style=\"height:15px;\" ><\/div><div class=\"fw-text-box tf-sh-11bfdacb60e1b38e28312b43b2eace6b \" >\n\t<div class=\"fw-text-inner\">\n\t\t<p>Spargel, Matjes, Wild aus heimischer Jagdt, <br \/>St. Martinsgans \u2013 hier finden Sie unsere Saisonalen Spezialit\u00e4ten und unseren kulinarischen Jahresplan.<\/p>\n\t<\/div>\n<\/div><div class=\"fw-divider-space  fw-custom-space  clearfix\" style=\"height:20px;\" ><\/div><div class=\"text-left\">\t<a href=\"https:\/\/hotel-markushof.de\/wp-content\/uploads\/2025\/12\/2026_MARKUSHOF_KulinarischerJahresplan_web.pdf\" target=\"_blank\" class=\"fw-btn tf-sh-e7f38206dff20158aa57b389c698757c  fw-btn-md  fw-btn-4\"  style=\"\">\n\t\t<span >\n\t\t\t<strong>KULINARISCHER JAHRESPLAN<\/strong><i class=\"pull-right-icon fa fa-angle-right\" style=\"font-size:22px;\"><\/i>\t\t<\/span>\n\t<\/a>\n<\/div><div class=\"fw-divider-space  fw-custom-space  clearfix\" style=\"height:2px;\" ><\/div><div class=\"text-left\">\t<a href=\"https:\/\/hotel-markushof.de\/wp-content\/uploads\/2024\/03\/2024-03_MARKUSHOF_Wildkarte.pdf\" target=\"_blank\" class=\"fw-btn tf-sh-dd864fd07d12e750d6bc28e3cda2661c  fw-btn-md  fw-btn-4\"  style=\"\">\n\t\t<span >\n\t\t\t<strong>WILDKARTE<\/strong><i class=\"pull-right-icon fa fa-angle-right\" style=\"font-size:22px;\"><\/i>\t\t<\/span>\n\t<\/a>\n<\/div><div class=\"fw-divider-space  fw-custom-space  clearfix\" style=\"height:2px;\" ><\/div><div class=\"text-left\">\t<a href=\"https:\/\/hotel-markushof.de\/wp-content\/uploads\/2024\/03\/2024-03_MARKUSHOF_Abendkarte-Fischwoche.pdf\" target=\"_blank\" class=\"fw-btn tf-sh-954319a19ada3d2d45ed7ac31df74834  fw-btn-md  fw-btn-4\"  style=\"\">\n\t\t<span >\n\t\t\t<strong>FISCHWOCHE<\/strong><i class=\"pull-right-icon fa fa-angle-right\" style=\"font-size:22px;\"><\/i>\t\t<\/span>\n\t<\/a>\n<\/div>\t\t<\/div>\n\t<\/div>\n<\/div><div id=\"column-69f53fdb9c20b\" class=\"fw-col-sm-6 fw-col-md-4 tf-sh-aa95d9c3e34b81b720fee644841fcf80  fw-animated-element\" data-animation-type=\"fadeInUp\" data-animation-delay=\"500\">\n\t<div class=\"fw-wrap-col-inner clearfix   fw-column-height-custom\" style=\"height: 360px;\"  >\n\t\t\t\t<div class=\"fw-col-inner\">\n\t\t\t\t\t<\/div>\n\t<\/div>\n<\/div><div id=\"column-69f53fdb9c2fd\" class=\"fw-col-sm-6 fw-col-md-4 tf-sh-c11d2a6b2d38048dcb38d32f5c5dece2  fw-animated-element\" data-animation-type=\"fadeInUp\" data-animation-delay=\"700\">\n\t<div class=\"fw-wrap-col-inner clearfix   fw-column-height-custom\" style=\"height: 360px;\"  >\n\t\t\t\t<div class=\"fw-col-inner\">\n\t\t\t\t\t<\/div>\n\t<\/div>\n<\/div><\/div>\n\n<div class=\"fw-row\">\n\t<div id=\"column-69f53fdb9c439\" class=\"fw-col-sm-12 tf-sh-730faff9eec659f6bf2a18c346ccb64e\" >\n\t<div class=\"fw-wrap-col-inner clearfix  \"   >\n\t\t\t\t<div class=\"fw-col-inner\">\n\t\t\t<div class=\"fw-divider-space  fw-custom-space  fw-mobile-hide-element clearfix\" style=\"height:170px;\" ><\/div>\t\t<\/div>\n\t<\/div>\n<\/div><\/div>\n\n\t<\/div>\n\t<\/section><\/p>\n","protected":false},"excerpt":{"rendered":"<p>Nehmen Sie Platz und geniessen Sie unser kulinarisches Angebot Nehmen Sie Platz und geniessen Sie unser kulinarisches Angebot Lassen Sie sich von unserem K\u00fcchenchef Matthias Mannott und seinem Team durch frische Produkte und saisonale Spezialit\u00e4ten kulinarisch verw\u00f6hnen. Lassen Sie sich von unserem K\u00fcchenchef Matthias Mannott und seinem Team durch frische Produkte und saisonale Spezialit\u00e4ten kulinarisch [&hellip;]<\/p>\n","protected":false},"author":1,"featured_media":0,"parent":0,"menu_order":0,"comment_status":"closed","ping_status":"closed","template":"visual-builder-template.php","meta":[],"_links":{"self":[{"href":"https:\/\/hotel-markushof.de\/index.php?rest_route=\/wp\/v2\/pages\/16"}],"collection":[{"href":"https:\/\/hotel-markushof.de\/index.php?rest_route=\/wp\/v2\/pages"}],"about":[{"href":"https:\/\/hotel-markushof.de\/index.php?rest_route=\/wp\/v2\/types\/page"}],"author":[{"embeddable":true,"href":"https:\/\/hotel-markushof.de\/index.php?rest_route=\/wp\/v2\/users\/1"}],"replies":[{"embeddable":true,"href":"https:\/\/hotel-markushof.de\/index.php?rest_route=%2Fwp%2Fv2%2Fcomments&post=16"}],"version-history":[{"count":87,"href":"https:\/\/hotel-markushof.de\/index.php?rest_route=\/wp\/v2\/pages\/16\/revisions"}],"predecessor-version":[{"id":2421,"href":"https:\/\/hotel-markushof.de\/index.php?rest_route=\/wp\/v2\/pages\/16\/revisions\/2421"}],"wp:attachment":[{"href":"https:\/\/hotel-markushof.de\/index.php?rest_route=%2Fwp%2Fv2%2Fmedia&parent=16"}],"curies":[{"name":"wp","href":"https:\/\/api.w.org\/{rel}","templated":true}]}}